t l(c) = c**2 + 7*c - 3. Let o = -29 - -44. What is the hundreds digit of l(o)?
3
Let x(a) = 14 + 4*a + 11*a + 9*a - 14*a. Suppose -28 = -5*n - 3. What is the units digit of x(n)?
4
Suppose 0 = -4*h - 2*h + 5352. Let p = h + -449. What is the tens digit of p?
4
Let i be (-9)/(-2)*24/54. Let h be (i + -14)/(3/2). What is the tens digit of 1*77 + (-16)/h?
7
Let c(m) = 8*m + 2. Let n be c(-1). Let t = 6 + n. What is the tens digit of (4 + t)/(9/90)?
4
Let g be 305/5*1/1. Suppose g + 355 = 2*n. What is the tens digit of n?
0
Let l = 934 + 2395. What is the thousands digit of l?
3
Let x be (-2)/(-5) + (-478)/(-5). Let m be (-5)/(-15) - (-741)/(-9). Let q = x + m. What is the units digit of q?
4
Suppose 2*c = c - 5. Let r be 237 + c + -1 + 5. Let k = r + -126. What is the units digit of k?
0
Suppose -254*y + 731219 = -2877105. What is the thousands digit of y?
4
Suppose 84537 - 39463 = 9*l - 83185. What is the hundreds digit of l?
2
Let k be (2/(-4))/(12/(-96)). Let d be (16/12)/k*30*2. Suppose -2*s = -3*u - 21, 2*s - 4*s + 2*u + d = 0. What is the units digit of s?
9
Let w = -735 - -738. Suppose -w*a = 5*a - 8744. What is the units digit of a?
3
What is the tens digit of (-7854)/(-4)*1*(-480)/(-18)?
6
Let k(i) = 8*i**3 + i**2 + 6*i - 6. What is the hundreds digit of k(8)?
2
Let n = -71 + 99. Let i = 48 + n. Suppose -53 = -3*w + i. What is the tens digit of w?
4
Let n(k) = k**3 - 7*k**2 + 2*k + 12. Let q be (-61 + 1)*46/(-115). Suppose -3*s = x + 9 - 31, -3*s - 3*x + q = 0. What is the tens digit of n(s)?
2
What is the tens digit of 10952/(17 - (-98)/(-6))?
2
Suppose -f = -4*j + 13, f - 4*f - j = -13. Let d be f/(18/4)*-132. Let w = 90 + d. What is the units digit of w?
2
Let q(p) = p**3 + 64*p**2 + 77*p + 2316. What is the tens digit of q(-61)?
8
Suppose -2*d - 30 = -2*o, 32*o + 81 = -5*d + 31*o. Let b be -2 - 2/4*2. What is the units digit of ((-9)/(-6))/(b/d)?
8
Suppose -3*c = -3*r + 48, 3*c - 29 = -2*r + 4*c. Let t = r + 2. Let x = t + -7. What is the units digit of x?
8
What is the tens digit of 450411/24 - 0 - -11*13/(-1144)?
6
Let a = -50 - -83. Suppose 33 + a = 3*q. Suppose 30*s = q*s + 616. What is the units digit of s?
7
Suppose -4*j = -j - 5*f - 48, 4*j + 4*f - 96 = 0. Suppose 0 = -3*r - i + 343, 2*r - 4*i = 203 + j. What is the tens digit of r?
1
Let k = 9 - 4. Suppose -1 = k*d - 6. What is the units digit of 2*d*(9 + -8)?
2
What is the ten thousands digit of (-1069305)/(-75) + (-3 - 14) - (-2)/(-5)?
1
Let u = 160 + -173. What is the hundreds digit of (u + -2)*(-1050)/63?
2
Let s = -226 + 13401. What is the ten thousands digit of s?
1
Let t(p) = -p**3 - 33*p**2 + 127*p + 18. Let m be t(-37). Suppose -673 = -5*z - 2*o + 338, 0 = 4*z - 3*o - m. What is the hundreds digit of z?
2
What is the tens digit of 0*(-1)/(-4) + 3603?
0
Let m(f) = 180*f**2 - 129*f + 894. What is the hundreds digit of m(7)?
8
Let f be 4/40 + 3202/(-20). Let r = 315 + f. What is the hundreds digit of r?
1
Suppose 54 = -2*i + 4*i. Suppose -i*t + 513 = -24*t. What is the units digit of t?
1
Let l = -3511 - -4738. What is the thousands digit of l?
1
Let f(p) be the first derivative of p**3/3 - 9*p**2 - p - 25. Let w be f(18). What is the units digit of (-3)/((-9)/12) + (-31)/w?
5
Suppose 0 = -j + 4*v + 39219, -29*j - 117631 = -32*j - v. What is the ten thousands digit of j?
3
Let k(z) be the first derivative of z**2/2 + 127*z - 19. What is the units digit of k(0)?
7
Let i(s) = s**3 + 7*s**2 - 5*s + 26. Let w be i(-8). What is the tens digit of w/(-4)*((8 - 4) + -36)?
1
Let a(n) = -42*n - 95. Let q be (24/48)/(2/(-24)). What is the units digit of a(q)?
7
Let q(u) = 26*u**2 - u - 16. Let v(k) = k**2 - 11*k - 23. Let d be v(13). What is the units digit of q(d)?
5
Suppose 0 = -2*t - 25*t + 135702. Suppose -7*j = -t + 1099. What is the hundreds digit of j?
5
Suppose -5*t - 4*v + 253266 = 0, 53*v = 5*t + 56*v - 253262. What is the hundreds digit of t?
6
Let n(y) = 707*y + 3964. What is the tens digit of n(27)?
5
Suppose 80*m - 79*m = 333. Let i = -172 + m. What is the hundreds digit of i?
1
Suppose 0 = c - 3*c + 10, 0 = 5*q - c - 2760. Let f = -356 + q. What is the units digit of f?
7
Suppose -3*y = 4*f - 13031, -1206 - 7500 = -2*y + 2*f. What is the units digit of y?
9
Let z = -252 - -255. What is the units digit of (-13008)/(-80) + z/(-5)?
2
Suppose -6 + 126 = 6*g. Suppose -h + 2*f - 5 = 0, -3*h = -h + 2*f - g. Suppose -z - 5 = 0, -h*p - 1 - 4 = 2*z. What is the units digit of p?
1
Suppose -4*g + 4*n + 31576 = 0, 4*g - 31526 = 2*n + 62. What is the thousands digit of g?
7
Let v = 54706 + -38774. What is the thousands digit of v?
5
Suppose 7*c + 3810115 - 481879 = 115*c. What is the ten thousands digit of c?
3
Let i be -2 + 7 + 2/(8/(-20)). Suppose -14*a + 8103 + 3447 = i. What is the tens digit of a?
2
Let s(y) = 12*y**3 - 5*y**2 + 18*y + 13. What is the units digit of s(8)?
1
Suppose 28509 + 157266 = 25*a. What is the units digit of a?
1
Let y = -129 - -308. Let d = -72 + y. What is the tens digit of d?
0
Let m = 84951 + -28872. What is the thousands digit of m?
6
What is the thousands digit of (-2)/19 + (-856282)/(-266)?
3
Suppose -2778800 - 1468636 = -97*t. What is the units digit of t?
8
Let j = 700 - -779. Suppose 4*i - j - 741 = 0. What is the units digit of i?
5
Suppose -4*u + 14852 = 2*o, 200*u - 198*u = -4*o + 7426. What is the tens digit of u?
1
Suppose -8*h + 67*h + 19*h = 3385512. What is the tens digit of h?
0
Let d = -105578 + 153439. What is the tens digit of d?
6
Suppose 141*y - 36519 - 39841 = -43*y. What is the tens digit of y?
1
Let r be -4*((-1)/(-1))/2. Let b(s) = -58*s**3 - 2*s**2 + 4*s + 8. What is the hundreds digit of b(r)?
4
Let i(p) = 5*p + 95. Let s be i(-19). Suppose -4*m + 3*g + 1698 = s, -2*m + 4*g = -m - 431. What is the units digit of m?
3
Suppose 0 = -v + 5*m + 12740, -4*v + 4*m + 8322 + 42734 = 0. What is the thousands digit of v?
2
Let h = -21 - -28. Suppose 0 = h*t - 1 - 20. Suppose 5*f - b - 430 + 5 = 0, -t*b = 15. What is the units digit of f?
4
Suppose 0 = -113*k + 131*k + 13603 - 60691. What is the thousands digit of k?
2
Suppose v = 205*s - 207*s + 40941, v + 4*s = 40941. What is the tens digit of v?
4
Let g be (-34 + 1 + -5)*145/(-10). Suppose -g = 13*o - 5192. What is the hundreds digit of o?
3
Suppose 294 = 6*c - 0*c. Let j = c - 49. Suppose j = -7*q + 12 + 114. What is the tens digit of q?
1
Let w be 18/(-9)*3/(-2). Suppose -3*r + 3*k = -3, -4*k - 3 + 13 = w*r. Suppose r*x - 122 = -2*d, -x + 2*d - 62 = -2*x. What is the tens digit of x?
6
Let j(k) = 54*k + 1459. What is the units digit of j(-10)?
9
Suppose 2*p + 10 - 4 = 0, -j - 4*p = -4772. Suppose -38*h + 51*h - j = 0. What is the units digit of h?
8
Suppose -2*x = -335*m + 336*m - 41041, -5*m = -2*x + 40999. What is the units digit of x?
7
Let o(p) be the first derivative of -p**4/2 - 12*p**3 - p**2 - 22*p + 2. Let d = -1041 + 1023. What is the tens digit of o(d)?
1
Let t(w) = 3*w**2 + 8*w - 11. Let q = -46 + 48. Let d be t(q). Suppose 3 + d = 4*b, 2*k + 2*b - 310 = 0. What is the units digit of k?
0
Let f(n) = 15*n**2 + n + 1. Let g be f(-1). Suppose -12*j + g*j - 144 = 0. Suppose i + 19 = j. What is the tens digit of i?
2
Suppose m - 4 = -7, 0 = -3*x - 4*m + 174. What is the tens digit of (x/(-155))/(1/(-230))?
9
Let s = 2547 + 1666. Suppose 2*r - 1522 = -2*w, 5*r - s = -w - 400. What is the hundreds digit of r?
7
Let h = 39518 - 20032. What is the thousands digit of h?
9
Suppose y = -v + 1332, -225*y + 6624 = 5*v - 229*y. What is the tens digit of v?
2
Let v be (-2 + 1)*(-36)/6. Suppose 3768 = v*b - 1224. What is the hundreds digit of b?
8
Suppose 6*x = 7*x - 46. Suppose -x*u + 40*u = -3762. What is the hundreds digit of u?
6
Suppose -2963 - 20581 = -4*n. What is the hundreds digit of n/(-63)*(-28)/6?
4
Suppose 2*r - 19 = -3*a, -4*a + 15*r - 13*r = -2. Suppose -4*t - 2*z = a*z - 2499, -t + 627 = 2*z. What is the hundreds digit of t?
6
Suppose f - 5*c + 11 = 0, -4*f + 2*c = -2*c + 28. Let b(u) = -u**2 - 7*u + 1. Let w be b(f). Suppose 6*y + 43 = w*y. What is the units digit of y?
3
What is the hundreds digit of 216/(-81) - (-109580)/30?
6
Let m = 44 + -37. Suppose -310 = m*s - 1801. Suppose 0 = -2*n - 2, k + n - s = -k. What is the tens digit of k?
0
Let k be 22*16/12*54